est common divisor of c and 1551.
33
Suppose -r = -5*v + 7, 2*r - 8 = 2*v - 3*v. Suppose 3*n - 159 = -3*u, -5*n = v*u - 7*u + 215. Let b = 27 - -5. Calculate the highest common factor of b and u.
16
Suppose 4*x - 7*x = 0. Let u be 78/14 - 32/56. Suppose 3*v + x = -u*q + 3, -2*q - v = -2. What is the highest common divisor of 27 and q?
3
Let v(i) = i**2 - 23*i - 8. Let j be v(24). What is the greatest common factor of j and 400?
16
Let q(u) = 2*u**2 + 25*u + 10. Let y be q(-12). Let b = y + 13. What is the greatest common divisor of 110 and b?
11
Let v = -137 + 246. What is the greatest common factor of v and 3706?
109
Suppose 552 = g - h, 5*h = -g + 566 - 14. What is the highest common divisor of 48 and g?
24
Let c(h) = 3*h**3 - 54*h**2 + 2*h - 27. Let g be c(18). What is the greatest common factor of 3285 and g?
9
Let c = 2 - -30. Let h = c + -23. Let b be (-6)/(-9) + (-428)/(-6). What is the greatest common divisor of h and b?
9
Let n(l) = -l**2 + 10*l + 5. Let d be n(10). Suppose -10*r - d = -11*r. Calculate the greatest common factor of r and 5.
5
Let n be (2/4)/(2/8). Suppose 5*r - 165 = -2*s, -s + 25 + 42 = 2*r. Suppose 2*w - r = a, -w = -n*a - 5 - 3. What is the greatest common factor of 54 and w?
18
Suppose 32*c - 1944 = 24*c. What is the highest common divisor of 108 and c?
27
Let r be (-1120)/(-6) + 6/9*-1. Let w be r - ((-6)/9 - 48/(-18)). Calculate the greatest common factor of 23 and w.
23
Let h = 35 + -30. Suppose 55 + 83 = 2*s. Suppose 0 = h*v - 21 - s. What is the highest common factor of 144 and v?
18
Let d be 60/40*(-10)/3. Let g be 30/3*(2 - (-6)/d). Calculate the greatest common factor of 56 and g.
8
Suppose -6*z = 7*z + 52. Let u(h) = 11*h**2 + 16*h. Let f be u(z). What is the greatest common divisor of f and 28?
28
Let t be (-7)/((-5)/20 + 0). Let a be (-6)/30 - t/10. Let q be (9 + a)/((-3)/(-5)). What is the highest common divisor of 2 and q?
2
Let h(u) = -u**3 - 9*u**2 + 7*u + 15. Let q be h(-10). Let r be (5/1*2)/(-1). Let f be (-7 - r)*(5 - 2). Calculate the greatest common factor of f and q.
9
Suppose -2*s - 202 = -4*j, 8*s - 3*s = -4*j + 209. Calculate the greatest common factor of 1479 and j.
51
Let p(x) = -x**3 + 7*x + 22. Let u be p(-5). What is the greatest common factor of 42 and u?
14
Suppose -18 = -2*m - a - 10, 4*m + a - 16 = 0. Calculate the greatest common factor of m and 20.
4
Suppose -8*c = 38 + 82. Let b(s) = s**2 + 14*s - 6. Let z be b(c). What is the greatest common factor of 6 and z?
3
Let q be (0 - 175/20)/((-2)/16). Let i = 78 - q. What is the greatest common divisor of 12 and i?
4
Suppose 2*g + y = -3*y + 270, -g = -4*y - 159. What is the greatest common divisor of g and 22?
11
Let f be 117/3*((-11)/3 + 4). What is the highest common factor of 286 and f?
13
Suppose w + 2*h = 57, 6*h - 167 = -3*w + 4*h. Suppose 3*c - 5*c + 4 = 0. Suppose -c*v + 6*v = 44. Calculate the highest common factor of v and w.
11
Suppose 168 = 6*i - 0*i. Let d be (147/(-42))/(-3 + (-15)/(-6)). Calculate the highest common divisor of i and d.
7
Let s be (-10)/(-105) + (-11)/((-1848)/992). Suppose 5*r = 5*q - 90, -r + 3*q - 6 = 8. Let h = r - -44. Calculate the highest common factor of h and s.
6
Let s = 705 + -488. Suppose -4*j + s = -263. Suppose -4*w = w - j. Calculate the highest common divisor of 96 and w.
24
Suppose 168*c - 170*c + 24 = 0. Suppose 5*h - 27 = 2*a, -a = -4*h + a + 20. Suppose 125 = c*w - h*w. What is the highest common divisor of 200 and w?
25
Let o be (1 + (-4)/2)*(-3 + 0). Suppose r + r - o*u = 80, -4*u + 160 = 4*r. What is the highest common factor of r and 8?
8
Suppose 407 = 380*c - 369*c. Calculate the greatest common divisor of 4 and c.
1
Suppose 2*s + 189 - 9 = 0. Let l = s + 122. What is the greatest common divisor of l and 4?
4
Suppose -2*h = -544 + 196. Suppose d = 4*o - 4*d - 360, 4*d + h = 2*o. Let p(z) = 39*z**2 - 1. Let i be p(-1). Calculate the highest common factor of o and i.
19
Let g be (-257)/(-2) - (-12)/8. Let v be (-2)/6 + 1 - g/(-3). Calculate the highest common divisor of v and 132.
44
Let l(t) = 2*t**3 - 36*t**2 + 11*t - 41. Let z be l(18). Calculate the highest common factor of z and 1256.
157
Suppose -3*b = -5*r - 2384, 0 = 26*b - 24*b + 2*r - 1600. What is the highest common factor of b and 21?
21
Let f(q) = -26*q - 12. Let c be f(-1). What is the greatest common factor of c and 350?
14
Let z be 290/8 - (-4)/(-16). Suppose z = -f + 59. Let y(j) = 4*j**2 + 3*j + 9. Let t be y(-7). Calculate the greatest common divisor of f and t.
23
Let q = 2 - 3. Let t be (1 - 8)*(-6)/q. Let f = -28 - t. Calculate the greatest common factor of f and 112.
14
Suppose -2*f - 57 = -5*f. Suppose -104*i - 412 = -172*i + 7340. Calculate the highest common divisor of i and f.
19
Suppose -52*j = -46*j - 144. Calculate the highest common divisor of j and 168.
24
Let c = 73 + 23. Suppose -c + 11 = -5*t. Let v(u) = 185*u - 1142. Let z be v(7). What is the greatest common divisor of z and t?
17
Let g be (20/(-15))/(8/(-30)). Suppose g*t - 29 - 41 = 0. Calculate the highest common divisor of t and 42.
14
Let r = 103 - 59. Let f = -376 - -387. Calculate the greatest common divisor of f and r.
11
Let x be (-4)/(-10) + 0 - 5194/(-265). What is the greatest common factor of 190 and x?
10
Let y(o) = o**2 - 10*o + 24. Let l be y(11). What is the highest common divisor of l and 385?
35
Let d(u) = u**3 - 2*u**2 - 5 + 7*u**2 - 2*u**3. Let t be 30/(-20)*(-8)/3. Let h be d(t). Calculate the greatest common factor of h and 22.
11
Let z be 183/12 - 2/8. Suppose -11*f = -9*f - 12. Calculate the greatest common divisor of z and f.
3
Let u = 90 + -67. What is the greatest common divisor of 253 and u?
23
Let j(c) = c**2 - 3*c - 6. Let i be (17/(-2))/(2/4). Let f = -11 - i. Let l be j(f). What is the greatest common divisor of 96 and l?
12
Suppose -108*h + 807 + 66 = -11*h. Let j be 72/(-2*2/(-4)). What is the highest common factor of h and j?
9
Suppose 6*g + 25 = b + 4*g, 3*g = -12. Let x(a) = 5 + 8*a + 7*a + 11*a. Let w be x(7). Calculate the highest common divisor of w and b.
17
Let k be (-21)/(-3) + (-91)/(-7). What is the greatest common divisor of k and 30?
10
Let n be 6/(-4)*(-1628)/(-33). Let h be (-6)/8 + n*(-6)/16. What is the highest common divisor of 18 and h?
9
Let a be ((-3)/3)/((-3)/75). Let f be (20/30)/(1/3). Suppose 0 = f*l - 0*n - 4*n - 346, -l + 178 = 3*n. What is the highest common factor of l and a?
25
Suppose 4*n - 3*d = 93, -5*n - d + 49 = -3*n. What is the highest common factor of 40 and n?
8
Let c(r) = -3*r - 22. Let p be c(-6). Let o be (-11 - 1)*(-20)/(-64)*p. What is the highest common divisor of 60 and o?
15
Let a(u) = u**2 - 4. Let t be a(-4). Let z = -50 + 267. Suppose 4*s - z = 167. What is the highest common divisor of t and s?
12
Suppose -4*m + 466 - 126 = 0. What is the greatest common divisor of m and 595?
85
Let a(k) = 5*k**2 + k - 19. Let o be a(-4). Let f = 70 - o. Let i(j) = 2*j**2 + j - 2. Let w be i(-3). What is the highest common divisor of w and f?
13
Let f be (-24)/(-4)*-3*(0 + 3). Let c = 58 + f. What is the greatest common factor of c and 2?
2
Let r be (106/1)/(2*(-6)/(-12)). What is the highest common divisor of r and 6?
2
Let q be 18 - (0 + 0 + -2). Suppose 71*b + q = 73*b. What is the highest common factor of 10 and b?
10
Suppose -84 = -13*a + 7*a. Let y be ((3 - 3)/(-1))/(-1) + a. Calculate the greatest common divisor of y and 7.
7
Let q(c) = c**3 + 6*c**2 - 11*c - 11. Let l be q(-4). Suppose 36 = 69*d - l*d. Let p = 0 - -1. What is the greatest common divisor of p and d?
1
Let n = 151 + -103. Let t = 9 + 7. What is the greatest common divisor of t and n?
16
Let b = 990 - 988. Let u(h) = -4*h**3 - 3*h - 2. Let z be u(-2). Let x = z - 18. Calculate the highest common divisor of b and x.
2
Let z(s) = -18*s**2 + s - 2. Let j(a) = -37*a**2 + 2*a - 3. Let q(i) = -3*j(i) + 5*z(i). Let c be q(1). What is the greatest common divisor of c and 19?
19
Suppose -2*t + 863 + 917 = 0. Calculate the greatest common factor of t and 10.
10
Suppose -3*f + 10 = -8. Let y(s) = 16*s**2 + s. Let x be y(2). Calculate the highest common factor of f and x.
6
Let t(u) = -u**3 - 5*u**2 + 5*u + 6. Let y be t(-6). Let l(n) = -42 - 29 + 3*n - 1. Let c be l(28). What is the greatest common divisor of 